Calculate the remainder when 20156 is divided by 219.
8
What is the remainder when 2679 is divided by 93?
75
What is the remainder when 5203454 is divided by 7?
4
Calculate the remainder when 170680 is divided by 136.
0
Calculate the remainder when 21135 is divided by 780.
75
What is the remainder when 9887 is divided by 48?
47
What is the remainder when 10745 is divided by 64?
57
Calculate the remainder when 89151 is divided by 11.
7
What is the remainder when 2902 is divided by 173?
134
Calculate the remainder when 15698 is divided by 141.
47
What is the remainder when 369677 is divided by 20?
17
Calculate the remainder when 74984 is divided by 11.
8
What is the remainder when 161020 is divided by 1713?
1711
What is the remainder when 1871 is divided by 613?
32
Calculate the remainder when 443101 is divided by 32.
29
Calculate the remainder when 22355 is divided by 26.
21
Calculate the remainder when 77599 is divided by 161.
158
Calculate the remainder when 10177 is divided by 35.
27
Calculate the remainder when 10783 is divided by 83.
76
What is the remainder when 394 is divided by 383?
11
What is the remainder when 349018 is divided by 10?
8
What is the remainder when 24853 is divided by 136?
101
What is the remainder when 2039 is divided by 227?
223
Calculate the remainder when 54102 is divided by 6009.
21
Calculate the remainder when 718 is divided by 467.
251
Calculate the remainder when 6254 is divided by 95.
79
Calculate the remainder when 4398 is divided by 1414.
156
Calculate the remainder when 51466 is divided by 104.
90
Calculate the remainder when 24351 is divided by 24335.
16
What is the remainder when 116853 is divided by 209?
22
What is the remainder when 98504 is divided by 98474?
30
Calculate the remainder when 50507 is divided by 732.
731
Calculate the remainder when 276703 is divided by 450.
403
Calculate the remainder when 20897 is divided by 106.
15
Calculate the remainder when 3290 is divided by 305.
240
What is the remainder when 27548 is divided by 2?
0
What is the remainder when 79144 is divided by 306?
196
Calculate the remainder when 1036 is divided by 363.
310
Calculate the remainder when 10517 is divided by 5249.
19
Calculate the remainder when 22474 is divided by 7256.
706
Calculate the remainder when 31056 is divided by 91.
25
What is the remainder when 201606 is divided by 7466?
24
Calculate the remainder when 24195 is divided by 3023.
11
What is the remainder when 843287 is divided by 33?
5
What is the remainder when 234673 is divided by 52?
49
Calculate the remainder when 7082 is divided by 15.
2
What is the remainder when 404 is divided by 22?
8
What is the remainder when 1569 is divided by 904?
665
Calculate the remainder when 2179711 is divided by 217970.
11
What is the remainder when 1056 is divided by 516?
24
Calculate the remainder when 37085 is divided by 18539.
7
What is the remainder when 24426 is divided by 38?
30
What is the remainder when 38367 is divided by 47?
15
What is the remainder when 7210 is divided by 38?
28
What is the remainder when 8811 is divided by 143?
88
What is the remainder when 32179 is divided by 10542?
553
Calculate the remainder when 3513 is divided by 586.
583
Calculate the remainder when 16699 is divided by 8177.
345
Calculate the remainder when 90228 is divided by 18044.
8
What is the remainder when 1076556 is divided by 187?
184
What is the remainder when 575872 is divided by 138?
136
Calculate the remainder when 557039 is divided by 11.
10
Calculate the remainder when 14333 is divided by 101.
92
Calculate the remainder when 6603 is divided by 6.
3
What is the remainder when 47730 is divided by 27?
21
What is the remainder when 55 is divided by 36?
19
Calculate the remainder when 5422 is divided by 61.
54
Calculate the remainder when 87242 is divided by 9692.
14
Calculate the remainder when 34463 is divided by 52.
39
Calculate the remainder when 774972 is divided by 3229.
12
Calculate the remainder when 5077 is divided by 113.
105
Calculate the remainder when 57908 is divided by 2755.
53
Calculate the remainder when 28170 is divided by 1181.
1007
Calculate the remainder when 1175 is divided by 142.
39
Calculate the remainder when 6295 is divided by 94.
91
What is the remainder when 675 is divided by 379?
296
What is the remainder when 192025 is divided by 69?
67
Calculate the remainder when 26637 is divided by 2248.
1909
Calculate the remainder when 3976 is divided by 990.
16
What is the remainder when 5159 is divided by 1288?
7
What is the remainder when 2722849 is divided by 118?
117
Calculate the remainder when 6381 is divided by 17.
6
Calculate the remainder when 3091 is divided by 13.
10
Calculate the remainder when 103292 is divided by 23.
22
What is the remainder when 1036 is divided by 142?
42
Calculate the remainder when 443441 is divided by 91.
89
Calculate the remainder when 804 is divided by 352.
100
Calculate the remainder when 42374 is divided by 21180.
14
What is the remainder when 27100 is divided by 774?
10
What is the remainder when 431797 is divided by 1016?
1013
Calculate the remainder when 36831 is divided by 611.
171
What is the remainder when 5950 is divided by 398?
378
Calculate the remainder when 9131 is divided by 3018.
77
Calculate the remainder when 71 is divided by 20.
11
Calculate the remainder when 4483 is divided by 874.
113
Calculate the remainder when 612 is divided by 136.
68
What is the remainder when 1216 is divided by 251?
212
What is the remainder when 3419 is divided by 3385?
34
Calculate the remainder when 8334 is divided by 719.
425
Calculate the remainder when 6119 is divided by 211.
0
Calculate the remainder when 68372 is divided by 264.
260
What is the remainder when 7655 is divided by 1913?
3
Calculate the remainder when 22090 is divided by 5516.
26
What is the remainder when 4059 is divided by 1075?
834
What is the remainder when 6958 is divided by 174?
172
Calculate the remainder when 3592 is divided by 730.
672
Calculate the remainder when 3333 is divided by 53.
47
Calculate the remainder when 7170 is divided by 714.
30
What is the remainder when 11910 is divided by 89?
73
Calculate the remainder when 27998 is divided by 418.
410
What is the remainder when 573 is divided by 277?
19
What is the remainder when 8060 is divided by 1990?
100
Calculate the remainder when 2011 is divided by 350.
261
What is the remainder when 3556 is divided by 6?
4
Calculate the remainder when 21319 is divided by 418.
1
What is the remainder when 2331 is divided by 174?
69
Calculate the remainder when 191677 is divided by 97.
5
What is the remainder when 7829728 is divided by 235?
233
What is the remainder when 13758 is divided by 13636?
122
Calculate the remainder when 29071 is divided by 234.
55
What is the remainder when 9700 is divided by 89?
88
Calculate the remainder when 230819 is divided by 149.
18
What is the remainder when 70237 is divided by 203?
202
Calculate the remainder when 36962 is divided by 56.
2
What is the remainder when 8082 is divided by 475?
7
What is the remainder when 26485 is divided by 8814?
43
What is the remainder when 1642 is divided by 255?
112
Calculate the remainder when 15559 is divided by 2591.
13
What is the remainder when 102552 is divided by 17091?
6
Calculate the remainder when 877895 is divided by 56.
39
Calculate the remainder when 4946 is divided by 826.
816
What is the remainder when 433517 is divided by 750?
17
Calculate the remainder when 3558 is divided by 11.
5
What is the remainder when 9694 is divided by 1605?
64
What is the remainder when 14020 is divided by 87?
13
What is the remainder when 1884 is divided by 892?
100
Calculate the remainder when 165894 is divided by 21.
15
What is the remainder when 9527 is divided by 4762?
3
Calculate the remainder when 688 is divided by 313.
62
What is the remainder when 25012 is divided by 65?
52
Calculate the remainder when 1123 is divided by 340.
103
What is the remainder when 92843 is divided by 13?
10
Calculate the remainder when 32079 is divided by 1106.
5
What is the remainder when 303454 is divided by 137?
136
What is the remainder when 392 is divided by 182?
28
What is the remainder when 9692 is divided by 284?
36
What is the remainder when 338